divided by 613260?
6
Calculate the remainder when 27426418 is divided by 181.
31
What is the remainder when 2659510 is divided by 335?
280
Calculate the remainder when 20735957 is divided by 1009.
1007
What is the remainder when 23901135 is divided by 3870?
15
Calculate the remainder when 23429581 is divided by 709986.
43
What is the remainder when 79138 is divided by 4930?
258
Calculate the remainder when 301579749 is divided by 50.
49
Calculate the remainder when 37582 is divided by 1423.
584
Calculate the remainder when 225814 is divided by 1118.
1096
Calculate the remainder when 184734258 is divided by 8151.
8145
What is the remainder when 644046 is divided by 71552?
78
Calculate the remainder when 390286 is divided by 2652.
442
Calculate the remainder when 578740 is divided by 18668.
32
Calculate the remainder when 384229 is divided by 10384.
21
What is the remainder when 10888 is divided by 4390?
2108
Calculate the remainder when 205826 is divided by 51454.
10
What is the remainder when 676009 is divided by 55?
4
What is the remainder when 24448234 is divided by 1667?
12
What is the remainder when 316158 is divided by 4790?
18
Calculate the remainder when 15002726 is divided by 294.
200
What is the remainder when 550582497 is divided by 390?
387
What is the remainder when 67160 is divided by 67123?
37
What is the remainder when 1423365 is divided by 1423362?
3
Calculate the remainder when 27231 is divided by 4495.
261
Calculate the remainder when 7490 is divided by 3229.
1032
Calculate the remainder when 119433701 is divided by 31249.
23
What is the remainder when 1547533 is divided by 140535?
1648
What is the remainder when 455868 is divided by 51?
30
Calculate the remainder when 69054 is divided by 164.
10
What is the remainder when 23236737 is divided by 6710?
7
What is the remainder when 512450330 is divided by 762?
758
What is the remainder when 66200 is divided by 65217?
983
Calculate the remainder when 166585 is divided by 1339.
549
What is the remainder when 534008 is divided by 24273?
2
Calculate the remainder when 69263878 is divided by 23.
22
Calculate the remainder when 3239453 is divided by 226.
195
Calculate the remainder when 1614615 is divided by 6988.
387
Calculate the remainder when 49177 is divided by 22606.
3965
What is the remainder when 341412 is divided by 85294?
236
What is the remainder when 1007609 is divided by 5063?
72
What is the remainder when 6137784 is divided by 590?
14
Calculate the remainder when 8894860 is divided by 8894839.
21
What is the remainder when 212145 is divided by 70309?
1218
Calculate the remainder when 13759659 is divided by 20.
19
What is the remainder when 282378 is divided by 1693?
1340
Calculate the remainder when 54698 is divided by 70.
28
What is the remainder when 6498755 is divided by 42?
11
What is the remainder when 555192 is divided by 562?
498
What is the remainder when 1450285 is divided by 9?
7
What is the remainder when 50741460 is divided by 181869?
9
Calculate the remainder when 3013770928 is divided by 433.
431
What is the remainder when 166650 is divided by 1984?
1978
Calculate the remainder when 30315597 is divided by 25.
22
What is the remainder when 16676542 is divided by 297?
289
Calculate the remainder when 215884129 is divided by 17990344.
1
What is the remainder when 52688 is divided by 4043?
129
Calculate the remainder when 4071562 is divided by 7785.
7
Calculate the remainder when 4728601 is divided by 24628.
25
What is the remainder when 11276876 is divided by 56?
44
Calculate the remainder when 62473 is divided by 106.
39
What is the remainder when 1245924219 is divided by 85?
84
What is the remainder when 26188 is divided by 1101?
865
Calculate the remainder when 4093880 is divided by 60204.
8
What is the remainder when 40255 is divided by 1092?
943
Calculate the remainder when 334156 is divided by 121.
75
What is the remainder when 136675 is divided by 12419?
66
What is the remainder when 120916 is divided by 60452?
12
What is the remainder when 40361089 is divided by 34?
29
What is the remainder when 2088937 is divided by 28?
25
Calculate the remainder when 5355423 is divided by 39.
21
What is the remainder when 93647015 is divided by 7803917?
11
Calculate the remainder when 883817 is divided by 834.
611
Calculate the remainder when 1514185 is divided by 4206.
25
What is the remainder when 2298282 is divided by 6064?
26
Calculate the remainder when 348714433 is divided by 2018.
2015
Calculate the remainder when 733174 is divided by 34728.
3886
Calculate the remainder when 56920 is divided by 5141.
369
What is the remainder when 625328 is divided by 80?
48
What is the remainder when 389158 is divided by 14967?
16
What is the remainder when 165361 is divided by 112?
49
What is the remainder when 56036 is divided by 55750?
286
What is the remainder when 2613147536 is divided by 3011?
3010
What is the remainder when 17208435 is divided by 2317?
76
Calculate the remainder when 34524 is divided by 518.
336
What is the remainder when 32693412 is divided by 2043337?
20
What is the remainder when 556771 is divided by 184395?
3586
Calculate the remainder when 1038667 is divided by 45159.
10
Calculate the remainder when 815377 is divided by 17348.
21
Calculate the remainder when 95502683 is divided by 27.
11
Calculate the remainder when 8865279 is divided by 1766.
1725
Calculate the remainder when 220824927 is divided by 229.
227
What is the remainder when 73802 is divided by 25?
2
Calculate the remainder when 181797 is divided by 28970.
7977
Calculate the remainder when 27418244 is divided by 12.
8
Calculate the remainder when 2996641 is divided by 63.
46
What is the remainder when 2297912 is divided by 2816?
56
What is the remainder when 7893977 is divided by 189?
14
Calculate the remainder when 610816624 is divided by 3289.
3278
What is the remainder when 3523514 is divided by 7355?
469
Calculate the remainder when 7884478 is divided by 12.
10
What is the remainder when 328420 is divided by 773?
668
What is the remainder when 191863 is divided by 675?
163
Calculate the remainder when 28869909 is divided by 427.
12
What is the remainder when 99909849 is divided by 49954923?
3
Calculate the remainder when 538971839 is divided by 12.
11
What is the remainder when 898741 is divided by 4320?
181
Calculate the remainder when 61756 is divided by 7492.
1820
Calculate the remainder when 1727660 is divided by 379.
178
Calculate the remainder when 7359199 is divided by 30921.
1
What is the remainder when 28824 is divided by 1578?
420
What is the remainder when 2462528 is divided by 820842?
2
What is the remainder when 15895417 is divided by 399?
55
Calculate the remainder when 2356927 is divided by 155.
152
Calculate the remainder when 13258 is divided by 4053.
1099
What is the remainder when 9934472 is divided by 116?
0
Calculate the remainder when 22359 is divided by 4761.
3315
Calculate the remainder when 143795785 is divided by 38001.
1
What is the remainder when 1293938 is divided by 1?
0
What is the remainder when 695535 is divided by 693633?
1902
Calculate the remainder when 31980 is divided by 1334.
1298
Calculate the remainder when 10690543 is divided by 464806.
5
What is the remainder when 1376044 is divided by 635?
634
What is the remainder when 2139493 is divided by 99?
4
What is the remainder when 18751923 is divided by 501?
495
Calculate the remainder when 62031 is divided by 61436.
595
Calculate the remainder when 17111757 is divided by 724.
17
What is the remainder when 4474 is divided by 1302?
568
Calculate the remainder when 128290 is divided by 8012.
98
What is the remainder when 6156719 is divided by 3453?
20
Calculate the remainder when 130873 is divided by 10896.
121
Calculate the remainder when 1258718 is divided by 1970.
1858
What is the remainder when 25586 is divided by 2556?
26
What is the remainder when 48603 is divided by 7850?
1503
What is the remainder when 5725951 is divided by 4936?
191
What is the remainder when 113482220 is divided by 73?
70
Calculate the remainder when 5287578 is divided by 601.
581
What is the remainder when 108203710 is divided by 2164074?
10
What is the remainder when 7058 is divided by 5659?
1399
Calculate the rem